ommon factor of 19 and s.
19
Suppose -15*b = -379 - 251. What is the highest common divisor of b and 24?
6
Suppose -4 = -t + 2*t, -136 = -2*g - 2*t. Suppose 16 = z + 15. Let m be 6 + (z + 4 - 2). What is the highest common divisor of g and m?
9
Let u(n) = -n**2 - 1. Let y(d) = d**3 - 16*d**2 + 19*d - 15. Let o(f) = -6*u(f) + y(f). Let j be o(8). Calculate the greatest common factor of j and 75.
15
Suppose -5*q = -3*w - 1648, -5*q - 2*w + 4*w = -1647. Calculate the greatest common factor of 141 and q.
47
Let y be (7 - 9) + 1/((-1)/(-569)). What is the highest common divisor of 63 and y?
63
Let i be 51/15 - 6/(-10). Suppose i*a - 32 - 24 = 0. Calculate the greatest common divisor of a and 49.
7
Suppose 2*h - 4*g + 4 = -8*g, -4*h + 2*g + 42 = 0. Let l = -18 - -21. Suppose 28 = l*c - 4*n, -2*n + 3 - 5 = 0. What is the greatest common factor of h and c?
8
Suppose 4*v + 6 = 2*d, -v = d + d - 1. Let h be (-1)/((-208)/(-209) + v). Suppose -2*k - 1 = -39. What is the highest common divisor of k and h?
19
Suppose 4*c = c + 360. Let v = 121 - 97. Calculate the greatest common divisor of v and c.
24
Suppose -4*m = 8, -2*n + 5 = -3*n - 4*m. Suppose j - 32 = n*t - 121, t + j = 23. Calculate the greatest common factor of 7 and t.
7
Suppose -4*b + 8*b + 9*b = 0. Suppose -2*q = -5*i - 10, 2*q + 6*i - 10 = i. Suppose 75 = -b*f + q*f. Calculate the greatest common divisor of 6 and f.
3
Let i(f) = f**2 + 23. Let v be i(0). Suppose 0 = -p - 0*p + 2. Suppose -2*j + 368 = p*j. Calculate the greatest common factor of v and j.
23
Let r = -26 - -28. Suppose r*p - 4*p = -30. What is the highest common divisor of p and 75?
15
Let y be (-1 + (-219)/6)*(4 + -6). Let n = y - 60. What is the highest common divisor of n and 5?
5
Suppose 5*v - 162 = 98. Let y = v + -41. Calculate the highest common factor of 88 and y.
11
Suppose 3*t - 58 = 98. What is the highest common factor of 4 and t?
4
Let d(g) = 8*g - 22. Let q be d(6). Let n = 29 - q. Let v be ((-60)/80)/(n/(-8)). What is the highest common divisor of 6 and v?
2
Suppose 3*q = -2*u + 270, 5*q + 5*u = u + 452. Let w be ((-12)/9)/((-5)/30). Calculate the greatest common divisor of q and w.
8
Let h be 161 - -1*(-2 - -9). What is the greatest common divisor of h and 70?
14
Suppose 5*p - 750 - 330 = 0. Let c(y) = -11*y**2 - 55*y + 8. Let l be c(-5). What is the highest common divisor of p and l?
8
Let o(d) = d**3 - 4*d**2 - 8*d - 9. Let y be o(6). Calculate the highest common factor of y and 60.
15
Let a be -2 - 3 - -3 - -77 - 3. Let p = a + -48. Suppose -q + 2*q - 3 = 0. Calculate the highest common factor of q and p.
3
Suppose -5*c - 3 = -4*j - 2, -15 = -3*j - c. Let t be ((-1)/1)/(j/12). Let z be t + (6 - -2) + 2. Calculate the greatest common divisor of 1 and z.
1
Suppose -165 = b - 6*b. Let x be (3 - 11/3)*552/16. Let n = x + b. Calculate the greatest common factor of 50 and n.
10
Let u be (1*-2 - -21) + -1. Suppose -2*p - 2 = 2*r, -25*r - 2*p = -30*r + 23. What is the greatest common factor of r and u?
3
Let v(u) = -2*u + 21. Let j be v(-1). Calculate the greatest common factor of j and 92.
23
Suppose 8*k + 60 = 14*k. Suppose 3*d - 260 = 2*y, 4*y = -d - 0*y + 110. Calculate the greatest common factor of d and k.
10
Let z(r) = -91*r + 293. Let l be z(3). Calculate the highest common factor of l and 1180.
20
Let u = 100 + -96. What is the highest common factor of 32 and u?
4
Let x = -3 + -17. Let o be ((-8)/x + (-92)/30)*-18. Calculate the greatest common divisor of o and 12.
12
Suppose -1441 = -17*s + 5988. What is the greatest common divisor of s and 57?
19
Let o = -1376 - -1526. What is the highest common factor of 24 and o?
6
Suppose 5*m + m = 18. Suppose -m*g + 28 = g. Suppose l + 5*c = 24, 7*c - 48 = -3*l + 4*c. Calculate the highest common factor of g and l.
7
Let n = 513 - 135. What is the greatest common factor of 42 and n?
42
Let k(w) = w**2 - 8*w - 12. Let f be k(9). Let n be 350/15 + (-2)/f. Suppose 0 = 3*d - 5*d + 12. What is the highest common factor of d and n?
6
Suppose 0 = 5*o - 3*o - 560. Let z be (-22)/(3/(-7) - (-92)/o). What is the greatest common factor of z and 88?
44
Let n be (-106)/(0 - 1) - (3 + 3). Calculate the highest common factor of 4100 and n.
100
Let t(b) = -5*b + 2 - b**3 + 4 + 10*b + 5*b**2. Let v be t(6). Suppose -g + v*g = -65. Calculate the highest common divisor of 13 and g.
13
Let f(j) = 3*j + 12. Let c be f(2). Let n = 0 + -3. Let h be ((-2)/4)/(n/54). What is the highest common divisor of h and c?
9
Suppose -64 = -5*h - 3*y, -3*h + 125*y = 123*y - 27. Let a(u) = 9*u + 3. Let g be a(6). Suppose -108 = -3*f + g. What is the greatest common factor of h and f?
11
Let t be 36080/4048 + (-2)/(-23)*1. Let x be (6/9)/((-1)/(-3)). Calculate the highest common divisor of x and t.
1
Let f(o) = 26*o - 724. Let l be f(29). Calculate the highest common divisor of 795 and l.
15
Let m(a) be the first derivative of -a**2 + 6*a + 12. Let p be m(3). Suppose -d + 3*l + 0 - 2 = p, l + 6 = d. Calculate the highest common divisor of 15 and d.
5
Suppose -243 = -14*n - 13*n. Calculate the greatest common factor of 369 and n.
9
Let r = -1719 - -1968. What is the greatest common divisor of r and 664?
83
Let r(n) = -5*n**2 + 9*n + 24 - 2*n**2 + 8*n**2. Let q be r(-8). Let g(p) = p**3 - 3*p**2 + 6*p. Let b be g(4). What is the highest common divisor of b and q?
8
Let w be 8/(-20)*1*-1920. Calculate the highest common divisor of 96 and w.
96
Let a = -63 - -71. Let j(y) = 2*y**2 - 16*y + 4. Let b be j(a). Calculate the greatest common factor of 6 and b.
2
Let x(i) = -i + 85. Let f be x(31). What is the highest common factor of f and 126?
18
Let a(b) = b + 2 - 8 - 3*b**3 + 7. Let w be 6/4*6/(-9). Let x be a(w). What is the highest common divisor of 33 and x?
3
Suppose 1014 = 17*s - 6. What is the greatest common divisor of 140 and s?
20
Suppose 210 = 55*k - 20*k. Let y(p) = 2*p**2. Suppose 0 = -d - 3 + 6. Let n be y(d). Calculate the highest common factor of k and n.
6
Let i(l) = -76*l - 48. Let f be i(-4). What is the greatest common divisor of 16 and f?
16
Let d = 112 + -166. Let k = -27 - d. Calculate the greatest common divisor of 108 and k.
27
Let t = -76 - -110. Let v = t - 19. What is the greatest common factor of v and 5?
5
Let j be (18/54)/((-1 - -2)/33). Suppose -3*q - 2*q = -i + j, 2 = 2*q. What is the greatest common factor of i and 4?
4
Suppose -4*g + 448 = 4*g. Let t = 57 - 50. What is the highest common factor of g and t?
7
Let c be 747/6 - 8/(-16). Calculate the highest common divisor of c and 25.
25
Let l(c) = c**2 + 43*c + 498. Let s be l(-41). What is the greatest common divisor of 39 and s?
13
Let s(b) = 1 + 11 + b + 0. Let h be s(-9). Suppose 0 = -h*i - 0*i + 21. What is the greatest common factor of 56 and i?
7
Let y = 161 + -158. Suppose y*i + 2*i - 605 = 5*t, -t - 1 = 0. What is the highest common factor of i and 24?
24
Let t be 8/(-12) - (-114)/9. Let y = 17 - t. Suppose g - 4*p + 1 = 0, y*g + 4*p - 37 = 30. What is the highest common factor of g and 11?
11
Let b(w) = 2*w - 3. Let g be b(-10). Let j = -14 - g. What is the highest common divisor of j and 12?
3
Let v(m) = m**3 - 6*m**2 + 2*m - 4. Let k be v(6). Let l be (k/12)/(2/30). What is the greatest common factor of 5 and l?
5
Let d = -524 + 535. What is the greatest common divisor of d and 308?
11
Let k(w) = -122*w - 2. Let z be k(-2). Suppose s = -2*u + z, -4*u + 2*s + 484 = -s. Let d = -14 + 25. What is the greatest common divisor of d and u?
11
Let o = -332 - -415. Calculate the highest common divisor of 747 and o.
83
Suppose 0 = -39*l - 108 + 3930. Calculate the highest common divisor of 294 and l.
98
Let s be -5*4/(-10)*2. Suppose s*g = 7*g - 96. Suppose -3*p + g = -p. What is the greatest common factor of p and 176?
16
Suppose 3*q - 104 = -5*q. Let c = q - 9. What is the greatest common divisor of 44 and c?
4
Suppose -t = -3*s - 32, -t + 3*s - 88 = -6*t. Let p be 5*4/(t/9). What is the highest common divisor of 99 and p?
9
Suppose -3*c + 2*x = 0, -12*x + 13*x - 13 = -5*c. Calculate the highest common factor of 34 and c.
2
Let g = 325 + -301. What is the highest common divisor of g and 156?
12
Let w = -8506 + 8528. Let f be 1 - (-1 + 2 + -2). What is the highest common divisor of f and w?
2
Let n(k) be the third derivative